highest common divisor of h and c.
18
Suppose -80 = -5*p + 5*r, 0 = 3*p + r - 8 - 40. Suppose 5*g - 3*g = p. Calculate the highest common divisor of g and 24.
8
Let t(v) = -v**2 - 2*v + 1. Let i be t(0). What is the greatest common divisor of i and 16?
1
Let w = 858 + -496. Suppose 5*z - t = -4*t + w, -2*z + 120 = -5*t. What is the highest common factor of 28 and z?
14
Let g(y) = 71*y + 1. Let o be g(1). What is the highest common divisor of 8 and o?
8
Suppose 2*b - 3*b = 9. Let y = b + 16. Calculate the highest common divisor of 21 and y.
7
Suppose 0 = 3*i + i + 8. Let z(v) = -5*v**3 + 2*v**2 + 3*v. Let d be z(i). Let m = 11 - -3. What is the greatest common factor of m and d?
14
Let m(z) = -2*z**3 - 8*z**2 - 4*z + 6. Let o be m(-4). What is the highest common divisor of o and 176?
22
Suppose 3*w + 5*z = 3*z + 1, 4*w + 3*z - 1 = 0. Let a be 7*-6*(0 - w). Calculate the highest common divisor of 7 and a.
7
Let j(m) = m**3 + m**2 - 4*m + 3. Let f be j(2). Let w = 41 - 27. Calculate the highest common divisor of w and f.
7
Let v be (-430)/(-6) + 2/6. Let a(i) = -3*i + 3. Let o be a(-2). Calculate the greatest common divisor of o and v.
9
Suppose 0 = -5*n, 4*y - 4*n + 1 = 9. Calculate the greatest common factor of 22 and y.
2
Let b(k) = -k**3 - k. Let x be b(-1). Suppose -5*i = -w - 45, -x*w + 0*w + 10 = 0. Suppose t - 10 = -t. Calculate the greatest common factor of t and i.
5
Let v(j) = 1 + 0*j**2 + 3*j**2 + 0*j + 0*j - 3*j. Let g be v(-5). Calculate the greatest common factor of 13 and g.
13
Suppose 2*z + 0*z = 8, -5*r + 3*z - 12 = 0. Suppose -5*f + 3*c + 459 - 86 = r, 4*c = f - 61. Calculate the highest common divisor of 11 and f.
11
Let w be 2 - 0 - (-8 + 4). What is the highest common factor of w and 6?
6
Let l = 0 + 2. Let m be (-55)/33*(-1 - (-13)/(-5)). What is the greatest common factor of m and l?
2
Let p(x) = -x**2 + 10*x - 3. Let a be p(8). Let c = 15 - a. Calculate the highest common divisor of 6 and c.
2
Let f = 1 - -2. Suppose 3*z + 12 = -0*z. Let b = z - -5. What is the highest common divisor of f and b?
1
Let o be (-9)/(54/80)*(-9)/3. What is the highest common divisor of 30 and o?
10
Suppose -40*j - 8 = -42*j. Let g(q) = -3*q - 3. Let a be g(-5). What is the greatest common divisor of j and a?
4
Suppose 0 = -g + 4, -2*g + 15 = 2*a - 23. Let r be (1 - 0) + 3 + -1. Calculate the greatest common factor of r and a.
3
Let l be (72/14)/((-20)/(-70)). Suppose 0 = -5*f + 4*f + 65. Suppose 3*i = -5*u + 11, -5*i + u = -0*u - f. Calculate the greatest common factor of l and i.
6
Let o = -25 + 53. What is the highest common factor of o and 70?
14
Suppose 4*d - 5*d + 43 = -u, -5*u - 2*d = 194. Let m = 26 + u. Let v = -10 - m. Calculate the greatest common divisor of 32 and v.
4
Let r(b) = -b**2 - 8*b + 2. Let u be r(-6). Let y(c) = 4*c**2 - 4*c - 8. Let k be y(6). Calculate the highest common factor of k and u.
14
Suppose 3*q - 16 = -5*k, -3*q - 16 = -4*k - 7*q. Let j(s) = -2*s + 22. Let u be j(5). Suppose -k*a = 2*a - u. Calculate the greatest common factor of 3 and a.
3
Let k = -21 + 34. Calculate the highest common divisor of k and 91.
13
Let j(d) = 2*d - 1. Let x be j(3). Suppose -x*u + 2*y = -463, 20 = -9*y + 4*y. Calculate the highest common factor of u and 13.
13
Let y(n) = n + 3. Let g be y(-3). Let i be 3 - (2 + g) - -13. What is the highest common factor of 2 and i?
2
Let u = -60 + 132. Calculate the highest common divisor of 8 and u.
8
Let m be -36 + 1 + (-2)/(-2). Let z be 2/(-2) + m/2. Let s be (-220)/z - (-4)/(-18). Calculate the greatest common divisor of 24 and s.
12
Suppose 3*g = a - 210, 2*a = -0*g - 2*g + 436. Calculate the highest common divisor of a and 24.
24
Let z = 5 + -2. Let r = -2 + z. Let v be 2/9 - 237/(-27). What is the greatest common divisor of v and r?
1
Let d be -3 + 1 + 3 + 1. Let a = -5 + 8. Suppose 2*z = 5*b - 23, -4*b + a*b - 1 = z. What is the greatest common factor of d and b?
1
Let u = 0 + 3. Let q be 5 - 3 - (-1 + 1). Suppose q*z - 2 + 0 = 0. What is the greatest common divisor of u and z?
1
Let v = 12 - 5. Suppose -x = 2*o - 9, -x = v - 4. Calculate the highest common factor of 3 and o.
3
Let f(y) = -2*y**2 - y - 1. Let c be f(-2). Let i = 11 + c. What is the highest common factor of i and 16?
4
Let a(w) = 34*w - 36. Let c be a(3). Suppose 0 = -4*u - u + 165. Calculate the greatest common factor of c and u.
33
Let n = 35 + -32. Calculate the greatest common divisor of n and 24.
3
Let o(g) = -g + 12. Let w be o(9). Suppose w*b = 4 + 35. What is the highest common divisor of 117 and b?
13
Let a = 394 - 362. Let i(z) = z**3 - 6*z**2 - z + 6. Let k be i(7). Calculate the highest common factor of a and k.
16
Let n = -16 + 25. Let m(g) be the first derivative of -g**4/4 - 2*g**3/3 - 1. Let h be m(-3). What is the greatest common factor of n and h?
9
Suppose 4*s - 48 = -f - 8, 141 = 4*f - 3*s. What is the highest common factor of f and 90?
18
Let u = 137 - -358. Suppose 4*w = -w + u. Calculate the highest common divisor of 11 and w.
11
Let w = 91 - 11. What is the greatest common divisor of w and 20?
20
Let a(i) be the first derivative of -3 + i**2 - 2*i + 6 + 2*i + 2*i. Let o be a(7). Calculate the highest common divisor of 40 and o.
8
Suppose 8 = -4*r + 64. Let y = 3 - 4. Let k be (52/(-2))/(-2) - y. Calculate the highest common divisor of r and k.
14
Suppose -j - 5 - 2 = 5*i, -5*i = 4*j - 2. Let n be (-6)/(9/3)*i. Suppose -15 = n*a + 5, 48 = 2*k - 2*a. What is the highest common factor of k and 19?
19
Let d = 12 - 7. Suppose -4*i + 635 = i. Suppose -d*g + i = -368. What is the highest common divisor of 9 and g?
9
Suppose -2*n = 1 - 5. Let l be (-43 + 1)/(n - 3). Calculate the highest common divisor of 14 and l.
14
Suppose 0 = 4*f - 8, -f + 7 = t - 58. Let n be t/5 + 6/(-10). What is the highest common divisor of 6 and n?
6
Suppose -3*r + 114 = -r + u, -10 = -5*u. Suppose -3*p + 11 = 2*q + 3*q, -2*p + 6 = 2*q. Suppose -b + 6 = -q. What is the greatest common divisor of r and b?
7
Suppose u - 19 + 3 = 0. Calculate the greatest common factor of 80 and u.
16
Let a = -42 + 81. What is the greatest common factor of 78 and a?
39
Suppose -3 = -k - 1. Suppose 2*x = -k*x + 44. What is the highest common factor of 121 and x?
11
Let x(m) = m - 2. Let k be x(3). Let y = k - -2. Suppose 2 = y*n + j - 7, -n + 3 = 4*j. What is the highest common factor of n and 3?
3
Let q = -22 - -7. Let i be 2*(2 - q/6). Suppose -16 = -2*m - 2*k, -4*m - 3*k = -3*m - 6. Calculate the greatest common divisor of m and i.
9
Suppose -5*h + 3 = 23, -16 = 3*q + 4*h. Let f be (-2 - 0)*14*-7. Suppose -z = -3*g + f, 0 = g - 3*z - q*z - 68. Calculate the highest common factor of 26 and g.
13
Let v be 1 + 3 + -1 - -11. What is the highest common factor of v and 21?
7
Let v = -5 + 12. Suppose v = 2*t - 3. What is the greatest common divisor of t and 40?
5
Suppose 7*z - 2*z - 225 = 0. Suppose 5*v + 3*h - 39 = 0, -v - 2*v - h = -25. Calculate the highest common factor of v and z.
9
Let n be (-32)/(-14)*(-56)/(-16). What is the highest common divisor of n and 20?
4
Suppose -2 + 34 = r. Calculate the highest common factor of r and 48.
16
Let b(w) = -7*w + 112. Let k be b(9). What is the highest common factor of k and 245?
49
Let b(q) = -5*q + 19. Let o be b(3). What is the highest common factor of o and 64?
4
Suppose -4*u - d + 35 = -2*u, u = -3*d + 25. Suppose -h + 128 = 4*g, -32 = h + 2*g - 152. Calculate the highest common divisor of h and u.
16
Let o = -29 - -33. Calculate the highest common divisor of 2 and o.
2
Let x = 91 + -51. Calculate the greatest common divisor of 4 and x.
4
Let l be 25 - (-7)/((-35)/15). What is the greatest common factor of 242 and l?
22
Suppose 68 = 5*m + 13. Suppose m = -5*r + 46. Calculate the greatest common factor of r and 49.
7
Suppose 0 = -7*z + 181 - 55. Let r = -4 - -3. Let f be (1*46)/1 + r. Calculate the greatest common divisor of z and f.
9
Let h = -9 - -57. Calculate the greatest common divisor of h and 120.
24
Suppose -20 - 30 = -j. Calculate the greatest common divisor of j and 350.
50
Suppose -36 = -2*r - 2*r. Suppose 0 = q + q - 144. What is the highest common divisor of q and r?
9
Let u = 37 - 22. Let q(t) = -t**2 - 6*t - 2. Suppose -8 + 4 = n. Let b be q(n). What is the highest common factor of u a